 What is the remainder when 28 is divided by h?
3
Suppose -11*p = -14*p + 60. Suppose 5*u + 32 = 172. Suppose -6*n + 2*n + u = 0. What is the remainder when p is divided by n?
6
Let k = 21 - 20. Let s be (k - 0) + (-15)/15. What is the remainder when (s - -1)/(2/206) is divided by 26?
25
Let t(o) = o + 6. Let k be t(-6). Suppose k = 3*a + 14 - 44. Let s(u) = -17*u**3. What is the remainder when s(-1) is divided by a?
7
Let n(x) = 3*x**3 - 2*x + 1. Let p(h) = 2*h + 56. Let l be p(-27). What is the remainder when 59 is divided by n(l)?
17
Let c = 102 - 112. What is the remainder when 44 is divided by (c/30)/(2/(-114))?
6
What is the remainder when 8 is divided by (-11)/(-22)*(1 - -1)*5?
3
Let v be (1/(3/1))/(2/12). What is the remainder when v/1 - (-13 - 216) is divided by 26?
23
Suppose 16*b = 11*b + 290. Calculate the remainder when 51 is divided by 3/9*(-4 + b).
15
Let t = 44 + -26. Suppose -3*p = -t - 9. Suppose -2*w - 2*z + 14 = 0, 0 = w - 0*z + 4*z - 10. What is the remainder when p is divided by w?
3
Let f = 103 + -98. Suppose f*t - 3*k - 144 = 0, -2*k + 75 = -0*t + 3*t. What is the remainder when t is divided by 15?
12
Let w(p) = 3*p**2. Let d be w(1). Suppose 4*t + 12 = 0, -42 = -4*n - d*t + 5*t. Suppose -55 = -112*q + 101*q. What is the remainder when n is divided by q?
4
Let v(c) be the second derivative of -c**4/12 - 122*c**2 + 2*c. Let y be v(0). What is the remainder when (1 - y/16)*4 is divided by 22?
21
Suppose -q + 4*u + 34 = 0, u + 0*u = 1. Suppose 0 = -4*x - 3*s + 228, q - 202 = -3*x - 4*s. What is the remainder when x is divided by 21?
18
Suppose -23*q = 2*t - 26*q - 1987, -4933 = -5*t - 4*q. What is the remainder when t is divided by 66?
65
Let w = 38 - 36. Suppose -o = w*v + o - 150, -2*v - o + 154 = 0. Calculate the remainder when v is divided by 9.
7
Let v = 45 - 17. Suppose -v + 8 = -5*t. Suppose 4*r = 5*l + r - 124, 2*l + t*r - 60 = 0. What is the remainder when l is divided by 7?
5
Let a = -12 - -16. Suppose -a*l - 22 = -2, z - 12 = -l. Calculate the remainder when z is divided by 6.
5
Suppose 105*s - 101*s = 120. Suppose -2*y - 87 + s = -c, 3*c + 5*y = 127. What is the remainder when c is divided by 14?
7
Let t(b) be the first derivative of -11*b**2/2 - 39*b - 36. Calculate the remainder when t(-7) is divided by 22.
16
Let v(y) = -y**3 + 10*y**2 + 11*y + 5. Let x be v(11). Suppose 3*f - 5*i = 62, 3*f - 52 = -0*f - x*i. What is the remainder when f is divided by 11?
8
Suppose -40*n - 54 = -r - 37*n, 3*r + 2*n = 107. What is the remainder when 42 is divided by r?
3
Let o(c) = c**2 + 2*c - 2. Let t be o(-3). Suppose -2*v = -t - 1. What is the remainder when (6*v)/((-6)/(-15)) is divided by 8?
7
Suppose 0 = 5*x + 25, 3*g = -0*g + 5*x + 49. Suppose -4*c + 3 = -9. Calculate the remainder when g/(-28) - 195/(-21) is divided by c.
0
What is the remainder when 199 is divided by 18/3 + 15 + 0 + -9?
7
Let l = -8 + 6. Suppose 9 - 21 = 4*f. What is the remainder when f/(((-6)/(-51))/l) is divided by 13?
12
Suppose 0 = -59*w + 54*w + 4*r + 140, -5*r = 5*w - 185. Calculate the remainder when w is divided by 16.
0
Let g be (-8)/28 - (-4)/14. Let t(p) = p**2 - p + 50. Let x be t(g). Let v = x + -28. Calculate the remainder when 63 is divided by v.
19
Let q = 112 - 103. Calculate the remainder when 176 is divided by q.
5
Let k(q) = q**3 + 9*q**2 + 7*q - 9. Let y be k(-8). What is the remainder when 54 is divided by ((152/4)/(-2))/y?
16
Let g = -82 - -117. What is the remainder when 419 is divided by g?
34
Suppose 0 = -2*v - 4*o + 302, 0*v - v + 4*o = -139. Calculate the remainder when v is divided by 34 + (2 - -1) + -1 + 1.
36
Let f(c) = -c**2 - 36*c - 35. Calculate the remainder when f(-32) is divided by 32.
29
Suppose 2*g - m - 4 = 4, 5*g + 5*m = 35. Let r = 124 - 124. Suppose -4*p + 104 = g*d + 21, -5*p - 3*d + 120 = r. What is the remainder when p is divided by 7?
6
Let k(v) = -v - 3. Let c be k(-13). Let a(x) = -x**2 + 13*x - 5. Calculate the remainder when 71 is divided by a(c).
21
Let s(w) = 3*w + 47. What is the remainder when s(9) is divided by 11?
8
Suppose 21 = 5*x + 6. Suppose x*s + 16 = 2*k, 0*s + 2*s = 2*k - 12. Calculate the remainder when 30 is divided by 55/7 + k/14.
6
Let p(g) = -g**2 - 65*g - 85. Calculate the remainder when p(-38) is divided by 41.
39
Let f = 3839 - 2456. What is the remainder when f is divided by 21?
18
Let c be 1 - (-8)/(2 - 4). Let h = 417 + -274. What is the remainder when h is divided by 29/(3*(-1)/c)?
27
Let m = 348 + -272. What is the remainder when m is divided by 8?
4
Suppose 104*c - 100*c = 1068. What is the remainder when c is divided by 90?
87
Let a = 77 - 41. Let b = a - 32. Suppose 0 = -b*o - 2*q + 18 - 4, 0 = -3*q - 3. What is the remainder when 9 is divided by o?
1
Let s(l) = -10*l - 15. Calculate the remainder when 39 is divided by s(-4).
14
Suppose 4*c = 5*f + 129, -2*f - 30 - 34 = -2*c. Suppose 4*z - c = 5. What is the remainder when -14*5/((-10)/z) is divided by 22?
19
Suppose -5*t - 324 = -854. What is the remainder when t is divided by 34 - 6/(-2 + -1)?
34
Let v(d) = -d**3 - 5*d**2 + 14*d + 2. Let h be v(-7). Suppose -x - 12 = -h*x. Calculate the remainder when 18 is divided by x.
6
Let h = 91 - 35. Suppose -7*f - h = -3*f. Let x = f + 23. What is the remainder when 43 is divided by x?
7
What is the remainder when 49 is divided by (-3)/(-18) + (130/12 - -1)?
1
Suppose 8 + 17 = 5*c. Suppose 8*a + 2*h - 373 = 3*a, 5*h = c*a - 380. Suppose 5*p = -5, 3*p - 57 = -2*q - 22. Calculate the remainder when a is divided by q.
18
Calculate the remainder when ((-33)/4)/((-46)/2024) is divided by 91.
90
Let y(a) = 5*a + 2. Let i(l) = -l - 1. Let z(h) = -4*i(h) - y(h). Calculate the remainder when 28 is divided by z(-4).
4
Let r = -143 + 177. What is the remainder when 66 is divided by r?
32
Let j(t) = 3*t**2 + 4*t + 3. Let g(a) = -2*a + 19. Suppose 0*l - 2*l - 56 = 2*u, -2*l = 5*u + 68. What is the remainder when g(l) is divided by j(-4)?
32
Suppose 3*g - 46 = -5*k, -2*g - 3*k + 76 = 47. Let i = -2 - -6. Calculate the remainder when g is divided by i.
3
Let n(p) = p + 7. Suppose -5*s - 3*s + 69*s - 976 = 0. Calculate the remainder when s is divided by n(-3).
0
Suppose 5*u = 18*u - 481. Calculate the remainder when u is divided by 10.
7
Suppose 0 = -2*d + 5*x + 114, d - 3*x + 213 = 4*d. Suppose u = -2*v + 19, 311*u + 82 = 315*u + 5*v. What is the remainder when d is divided by u?
21
Let v be (4/(-2))/4 - (-575)/10. Let y = v - 49. Suppose -4*w - 145 = -5*k, 2*k - 116 = -2*k + w. What is the remainder when k is divided by y?
5
Calculate the remainder when (-1)/((24/1712)/(-3)) is divided by 36.
34
Suppose 5*g - 4*f - 13 = 0, -g - g = 5*f - 25. Let x = g + 20. Calculate the remainder when 46 is divided by x.
21
Let p be -10 - 0 - 0/2. Let l(f) = f**3 + 189*f**2 + 191*f + 577. What is the remainder when (-4)/(-10) - 506/p is divided by l(-188)?
12
Let g = 303 - 129. Calculate the remainder when g is divided by 11.
9
Let j = -40 + 42. Suppose d = 2*d - 3. Suppose d*i - 130 = -j*i. What is the remainder when i is divided by 14?
12
Let z(y) = y**2 + 20*y + 37. Calculate the remainder when 6 is divided by z(-2).
0
What is the remainder when 160 is divided by 70/(-14) + 1/((-2)/(-96))?
31
Suppose 33*k + 12 = 34*k. What is the remainder when 215 is divided by k?
11
Suppose -3*x = -16 + 73. Let j = -59 - -28. Let u = x - j. Calculate the remainder when 22 is divided by u.
10
Let x(p) = 21*p**2 + 5*p + 14. What is the remainder when x(-2) is divided by ((-27)/(-6))/((-2)/(-20))?
43
Suppose 529 + 185 = 21*r. Calculate the remainder when 160 is divided by r.
24
Suppose -2*g + 0*k - k - 7 = 0, -43 = 3*g - 5*k. Let p(s) = -5*s - 13. Let w be p(g). Let q = w - 11. What is the remainder when q is divided by 4?
2
Let p = 138 - 106. Suppose 0 = y + p - 37. What is the remainder when y is divided by 3?
2
Suppose 0*y - 67 = -2*a + y, -a - 5*y + 39 = 0. Let x(s) = 19*s + 6. What is the remainder when x(5) is divided by a?
33
Let m(i) = 7*i + 1. Let z be m(7). Suppose u - 12 + 2 = 3*s, 0 = 5*u + 3*s - z. Suppose j + 39 = 2*j. Calculate the remainder when j is divided by u.
9
Let q(a) = a**2 - 28*a + 231. Calculate the remainder when 396 is divided by q(16).
6
Suppose -3*t + 71 - 11 = 0. Let o = t - 9. What is 